{"id":761,"date":"2024-03-05T13:06:33","date_gmt":"2024-03-05T19:06:33","guid":{"rendered":"https:\/\/nutrimentalbg.com\/?page_id=761"},"modified":"2024-03-20T08:19:18","modified_gmt":"2024-03-20T14:19:18","slug":"consultorio-integral","status":"publish","type":"page","link":"https:\/\/nutrimentalbg.com\/index.php\/consultorio-integral\/","title":{"rendered":"Consultorio integral"},"content":{"rendered":"\n<div class=\"wp-block-stackable-columns stk-block-columns stk-block stk-7161383\" data-block-id=\"7161383\"><style>.stk-7161383{margin-bottom:0px !important}<\/style><div class=\"stk-row stk-inner-blocks stk-block-content stk-content-align stk-7161383-column\">\n<div class=\"wp-block-stackable-column stk-block-column stk-column stk-block stk-a84c945\" data-v=\"4\" data-block-id=\"a84c945\"><div class=\"stk-column-wrapper stk-block-column__content stk-container stk-a84c945-container stk--no-background stk--no-padding\"><div class=\"stk-block-content stk-inner-blocks stk-a84c945-inner-blocks\">\n<div class=\"wp-block-stackable-spacer stk-block-spacer stk--no-padding stk-block stk-395b1bd\" data-block-id=\"395b1bd\"><\/div>\n<\/div><\/div><\/div>\n<\/div><\/div>\n\n\n\n<blockquote class=\"wp-block-stackable-blockquote stk-block-blockquote stk-block stk-ef76408 is-style-default\" data-v=\"2\" data-block-id=\"ef76408\"><div class=\"has-text-align-left stk-block-blockquote__content stk-container stk-ef76408-container stk-hover-parent\"><div class=\"stk-block-content stk-inner-blocks\">\n<div class=\"wp-block-stackable-icon stk-block-icon stk-block stk-bceeaa6\" data-block-id=\"bceeaa6\"><span class=\"stk--svg-wrapper\"><div class=\"stk--inner-svg\"><svg style=\"height:0;width:0\"><defs><linearGradient id=\"linear-gradient-bceeaa6\" x1=\"0\" x2=\"100%\" y1=\"0\" y2=\"0\"><stop offset=\"0%\" style=\"stop-opacity:1;stop-color:var(--linear-gradient-bceeaa-6-color-1)\"><\/stop><stop offset=\"100%\" style=\"stop-opacity:1;stop-color:var(--linear-gradient-bceeaa-6-color-2)\"><\/stop><\/linearGradient><\/defs><\/svg><svg xmlns=\"http:\/\/www.w3.org\/2000\/svg\" viewBox=\"0 0 50 50\" aria-hidden=\"true\" width=\"32\" height=\"32\"><path d=\"M19.8 9.3C10.5 11.8 4.6 17 2.1 24.8c2.3-3.6 5.6-5.4 9.9-5.4 3.3 0 6 1.1 8.3 3.3 2.2 2.2 3.4 5 3.4 8.3 0 3.2-1.1 5.8-3.3 8-2.2 2.2-5.1 3.2-8.7 3.2-3.7 0-6.5-1.2-8.6-3.5C1 36.3 0 33.1 0 29 0 18.3 6.5 11.2 19.6 7.9l.2 1.4zm26.4 0C36.9 11.9 31 17 28.5 24.8c2.2-3.6 5.5-5.4 9.8-5.4 3.2 0 6 1.1 8.3 3.2 2.3 2.2 3.4 4.9 3.4 8.3 0 3.1-1.1 5.8-3.3 7.9-2.2 2.2-5.1 3.3-8.6 3.3-3.7 0-6.6-1.1-8.6-3.4-2.1-2.3-3.1-5.5-3.1-9.7 0-10.7 6.6-17.8 19.7-21.1l.1 1.4z\"><\/path><\/svg><\/div><\/span><\/div>\n\n\n\n<div class=\"wp-block-stackable-text stk-block-text stk-block stk-c1d8bdf\" data-block-id=\"c1d8bdf\"><p class=\"stk-block-text__text\">Nuestro consultorio integral es la opci\u00f3n para&#8230;<\/p><\/div>\n<\/div><\/div><\/blockquote>\n\n\n\n<div class=\"wp-block-stackable-columns stk-block-columns stk-block stk-483b8ec\" data-block-id=\"483b8ec\"><div class=\"stk-row stk-inner-blocks stk-block-content stk-content-align stk-483b8ec-column\">\n<div class=\"wp-block-stackable-column stk-block-column stk-column stk-block stk-e48128d\" data-v=\"4\" data-block-id=\"e48128d\"><div class=\"stk-column-wrapper stk-block-column__content stk-container stk-e48128d-container stk--no-background stk--no-padding\"><div class=\"stk-block-content stk-inner-blocks stk-e48128d-inner-blocks\">\n<div class=\"wp-block-stackable-call-to-action stk-block-call-to-action stk-block stk-396d409 is-style-default\" data-v=\"2\" data-block-id=\"396d409\"><style>.stk-396d409{border-top-left-radius:30px !important;border-top-right-radius:30px !important;border-bottom-right-radius:30px !important;border-bottom-left-radius:30px !important;overflow:hidden !important;box-shadow:7px 5px 30px rgba(72,73,121,0.15) !important}.stk-396d409-container{background-color:linear-gradient(8deg,rgb(255,205,205) 0%,rgb(255,255,255) 56%) !important}.stk-396d409-container:before{background-image:linear-gradient(8deg,rgb(255,205,205) 0%,rgb(255,255,255) 56%) !important}<\/style><div class=\"stk-block-call-to-action__content stk-content-align stk-396d409-column stk-container stk-396d409-container stk-hover-parent stk--has-background-overlay\"><div class=\"has-text-align-center stk-block-content stk-inner-blocks stk-396d409-inner-blocks\">\n<div class=\"wp-block-stackable-heading stk-block-heading stk-block-heading--v2 stk-block stk-0e4a106\" id=\"strong-paquete-1-strong-br-2-600\" data-block-id=\"0e4a106\"><h3 class=\"stk-block-heading__text\"><strong>Paquete 1<\/strong><br>$2,600<\/h3><\/div>\n\n\n\n<div class=\"wp-block-stackable-text stk-block-text stk-block stk-8521058\" data-block-id=\"8521058\"><p class=\"stk-block-text__text\">4 sesiones de terapia psicol\u00f3gica<\/p><\/div>\n\n\n\n<div class=\"wp-block-stackable-text stk-block-text stk-block stk-497ec52\" data-block-id=\"497ec52\"><p class=\"stk-block-text__text\">1 sesi\u00f3n de orientaci\u00f3n nutrimental<\/p><\/div>\n\n\n\n<div class=\"wp-block-stackable-text stk-block-text stk-block stk-dd04cd0\" data-block-id=\"dd04cd0\"><p class=\"stk-block-text__text\">Men\u00fa personalizado <\/p><\/div>\n\n\n\n<div class=\"wp-block-stackable-text stk-block-text stk-block stk-5f605ec\" data-block-id=\"5f605ec\"><p class=\"stk-block-text__text\">Programa de entrenamiento personalizado<\/p><\/div>\n\n\n\n<div class=\"wp-block-stackable-text stk-block-text stk-block stk-c93dd3f\" data-block-id=\"c93dd3f\"><p class=\"stk-block-text__text\"><\/p><\/div>\n\n\n\n<div class=\"wp-block-stackable-button-group stk-block-button-group stk-block stk-06da1f4\" data-block-id=\"06da1f4\"><div class=\"stk-row stk-inner-blocks stk-block-content stk-button-group\">\n<div class=\"wp-block-stackable-button stk-block-button stk-block stk-e852630\" data-block-id=\"e852630\"><a class=\"stk-link stk-button stk--hover-effect-darken\" href=\"https:\/\/nutrimentalbg.com\/index.php\/consultorio-integral\/\" title=\"Consultorio Integral\"><span class=\"stk-button__inner-text\">Pagar y agendar cita<\/span><\/a><\/div>\n<\/div><\/div>\n<\/div><\/div><\/div>\n<\/div><\/div><\/div>\n\n\n\n<div class=\"wp-block-stackable-column stk-block-column stk-column stk-block stk-70b282e\" data-v=\"4\" data-block-id=\"70b282e\"><div class=\"stk-column-wrapper stk-block-column__content stk-container stk-70b282e-container stk--no-background stk--no-padding\"><div class=\"stk-block-content stk-inner-blocks stk-70b282e-inner-blocks\">\n<div class=\"wp-block-stackable-call-to-action stk-block-call-to-action stk-block stk-451b0b7 is-style-default\" data-v=\"2\" data-block-id=\"451b0b7\"><style>.stk-451b0b7{border-top-left-radius:30px !important;border-top-right-radius:30px !important;border-bottom-right-radius:30px !important;border-bottom-left-radius:30px !important;overflow:hidden !important;box-shadow:7px 5px 30px rgba(72,73,121,0.15) !important}.stk-451b0b7-container{background-color:linear-gradient(14deg,rgb(218,234,220) 0%,rgb(249,249,249) 38%) !important}.stk-451b0b7-container:before{background-image:linear-gradient(14deg,rgb(218,234,220) 0%,rgb(249,249,249) 38%) !important}<\/style><div class=\"stk-block-call-to-action__content stk-content-align stk-451b0b7-column stk-container stk-451b0b7-container stk-hover-parent stk--has-background-overlay\"><div class=\"has-text-align-center stk-block-content stk-inner-blocks stk-451b0b7-inner-blocks\">\n<div class=\"wp-block-stackable-heading stk-block-heading stk-block-heading--v2 stk-block stk-a6fc61f\" id=\"strong-paquete-2-strong-br-1-000\" data-block-id=\"a6fc61f\"><h3 class=\"stk-block-heading__text\"><strong>Paquete 2<\/strong><br>$1,000<\/h3><\/div>\n\n\n\n<div class=\"wp-block-stackable-text stk-block-text stk-block stk-45e8dc1\" data-block-id=\"45e8dc1\"><p class=\"stk-block-text__text\">2 sesiones de terapia psicol\u00f3gica<\/p><\/div>\n\n\n\n<div class=\"wp-block-stackable-text stk-block-text stk-block stk-160244e\" data-block-id=\"160244e\"><p class=\"stk-block-text__text\">1 sesi\u00f3n de orientaci\u00f3n nutrimental<\/p><\/div>\n\n\n\n<div class=\"wp-block-stackable-text stk-block-text stk-block stk-ec25a72\" data-block-id=\"ec25a72\"><p class=\"stk-block-text__text\">Men\u00fa personalizado <\/p><\/div>\n\n\n\n<div class=\"wp-block-stackable-text stk-block-text stk-block stk-94dfc6a\" data-block-id=\"94dfc6a\"><p class=\"stk-block-text__text\">Programa de entrenamiento personalizado<\/p><\/div>\n\n\n\n<div class=\"wp-block-stackable-button-group stk-block-button-group stk-block stk-684b2fb\" data-block-id=\"684b2fb\"><div class=\"stk-row stk-inner-blocks stk-block-content stk-button-group\">\n<div class=\"wp-block-stackable-button stk-block-button stk-block stk-71dc688\" data-block-id=\"71dc688\"><a class=\"stk-link stk-button stk--hover-effect-darken\" href=\"https:\/\/nutrimentalbg.com\/index.php\/consultorio-psicologico\/\" rel=\"Consultorio psicol\u00f3gico\"><span class=\"stk-button__inner-text\">Pagar y agendar citas<\/span><\/a><\/div>\n<\/div><\/div>\n<\/div><\/div><\/div>\n<\/div><\/div><\/div>\n\n\n\n<div class=\"wp-block-stackable-column stk-block-column stk-column stk-block stk-ac7b32d\" data-v=\"4\" data-block-id=\"ac7b32d\"><div class=\"stk-column-wrapper stk-block-column__content stk-container stk-ac7b32d-container stk--no-background stk--no-padding\"><div class=\"stk-block-content stk-inner-blocks stk-ac7b32d-inner-blocks\">\n<div class=\"wp-block-stackable-call-to-action stk-block-call-to-action stk-block stk-a7a5912 is-style-default\" data-v=\"2\" data-block-id=\"a7a5912\"><style>.stk-a7a5912{border-top-left-radius:30px !important;border-top-right-radius:30px !important;border-bottom-right-radius:30px !important;border-bottom-left-radius:30px !important;overflow:hidden !important;box-shadow:7px 5px 30px rgba(72,73,121,0.15) !important}.stk-a7a5912-container{background-color:linear-gradient(4deg,rgb(255,225,170) 0%,rgb(255,255,255) 35%) !important}.stk-a7a5912-container:before{background-image:linear-gradient(4deg,rgb(255,225,170) 0%,rgb(255,255,255) 35%) !important}<\/style><div class=\"stk-block-call-to-action__content stk-content-align stk-a7a5912-column stk-container stk-a7a5912-container stk-hover-parent stk--has-background-overlay\"><div class=\"has-text-align-center stk-block-content stk-inner-blocks stk-a7a5912-inner-blocks\">\n<div class=\"wp-block-stackable-heading stk-block-heading stk-block-heading--v2 stk-block stk-e2e9a14\" id=\"strong-paquete-3-strong-br-800\" data-block-id=\"e2e9a14\"><h3 class=\"stk-block-heading__text\"><strong>Paquete 3<\/strong><br>$800<\/h3><\/div>\n\n\n\n<div class=\"wp-block-stackable-text stk-block-text stk-block stk-567091e\" data-block-id=\"567091e\"><p class=\"stk-block-text__text\">1 sesiones de terapia psicol\u00f3gica<\/p><\/div>\n\n\n\n<div class=\"wp-block-stackable-text stk-block-text stk-block stk-f6062da\" data-block-id=\"f6062da\"><p class=\"stk-block-text__text\">1 sesi\u00f3n de orientaci\u00f3n nutrimental<\/p><\/div>\n\n\n\n<div class=\"wp-block-stackable-text stk-block-text stk-block stk-c2b7782\" data-block-id=\"c2b7782\"><p class=\"stk-block-text__text\">Men\u00fa personalizado <\/p><\/div>\n\n\n\n<div class=\"wp-block-stackable-text stk-block-text stk-block stk-b33ab72\" data-block-id=\"b33ab72\"><p class=\"stk-block-text__text\">Programa de entrenamiento personalizado<\/p><\/div>\n\n\n\n<div class=\"wp-block-stackable-button-group stk-block-button-group stk-block stk-a8e0988\" data-block-id=\"a8e0988\"><div class=\"stk-row stk-inner-blocks stk-block-content stk-button-group\">\n<div class=\"wp-block-stackable-button stk-block-button stk-block stk-6a8af29\" data-block-id=\"6a8af29\"><a class=\"stk-link stk-button stk--hover-effect-darken\" href=\"\"><span class=\"stk-button__inner-text\">Pagar y agendar citas<\/span><\/a><\/div>\n<\/div><\/div>\n<\/div><\/div><\/div>\n<\/div><\/div><\/div>\n<\/div><\/div>\n\n\n\n<div class=\"wp-block-stackable-columns alignfull stk-block-columns stk-block stk-0e9692c\" data-block-id=\"0e9692c\"><div class=\"stk-row stk-inner-blocks stk-block-content stk-content-align stk-0e9692c-column alignwide\">\n<div class=\"wp-block-stackable-column stk-block-column stk-column stk-block stk-c467628\" data-v=\"4\" data-block-id=\"c467628\"><div class=\"stk-column-wrapper stk-block-column__content stk-container stk-c467628-container stk--no-background stk--no-padding\"><div class=\"stk-block-content stk-inner-blocks stk-c467628-inner-blocks\">\n<div class=\"wp-block-stackable-subtitle stk-block-subtitle stk-block stk-94901b9\" data-block-id=\"94901b9\"><style>.stk-94901b9 .stk-block-subtitle__text{font-size:16px !important;font-family:\"Palatino Linotype\",Palatino,Palladio,\"URW Palladio L\",\"Book Antiqua\",Baskerville,\"Bookman Old Style\",\"Bitstream Charter\",\"Nimbus Roman No9 L\",Garamond,\"Apple Garamond\",\"ITC Garamond Narrow\",\"New Century Schoolbook\",\"Century Schoolbook\",\"Century Schoolbook L\",Georgia,serif !important}@media screen and (max-width:1023px){.stk-94901b9 .stk-block-subtitle__text{font-size:16px !important}}<\/style><p class=\"stk-block-subtitle__text stk-subtitle has-text-align-center\">Subtitle for this block<\/p><\/div>\n\n\n\n<div class=\"wp-block-stackable-heading stk-block-heading stk-block-heading--v2 stk-block stk-17baed9\" id=\"preguntas-frecuentes\" data-block-id=\"17baed9\"><style>.stk-17baed9 .stk-block-heading__text{font-weight:700 !important;font-family:\"Lato\",Sans-serif !important}@media screen and (max-width:767px){.stk-17baed9 .stk-block-heading__text{font-size:32px !important}}<\/style><h2 class=\"stk-block-heading__text has-text-align-center\">Preguntas frecuentes<\/h2><\/div>\n\n\n\n<div class=\"wp-block-stackable-text stk-block-text stk-block stk-8af215e\" data-block-id=\"8af215e\"><style>.stk-8af215e{margin-bottom:23px !important}<\/style><p class=\"stk-block-text__text has-text-align-center\">Description for this block. Use this space for describing your block. Any text will do.<\/p><\/div>\n\n\n\n<details class=\"wp-block-stackable-accordion stk-block-accordion stk-inner-blocks stk-block-content stk--is-open stk--single-open stk-block stk-e579195\" open data-block-id=\"e579195\"><style>.stk-e579195{border-style:solid !important;border-color:#dfdad1 !important;border-top-width:0px !important;border-right-width:0px !important;border-bottom-width:1px !important;border-left-width:0px !important;padding-bottom:24px !important}<\/style>\n<summary class=\"wp-block-stackable-column stk-block-column stk-column stk-block stk-606dfbc stk--container-small stk-block-accordion__heading\" data-v=\"4\" data-block-id=\"606dfbc\"><div class=\"stk-column-wrapper stk-block-column__content stk-container stk-606dfbc-container stk--no-background stk--no-padding\"><div class=\"stk-block-content stk-inner-blocks stk-606dfbc-inner-blocks\">\n<div class=\"wp-block-stackable-icon-label stk-block-icon-label stk-block stk-3ad35f9\" data-block-id=\"3ad35f9\"><div class=\"stk-row stk-inner-blocks stk-block-content\">\n<div class=\"wp-block-stackable-heading stk-block-heading stk-block-heading--v2 stk-block stk-b8ab3e0\" id=\"quien-me-va-a-atender\" data-block-id=\"b8ab3e0\"><style>.stk-b8ab3e0 .stk-block-heading__text{font-family:\"Lato\",Sans-serif !important}<\/style><h4 class=\"stk-block-heading__text\">\u00bfQui\u00e9n me va a atender?<\/h4><\/div>\n\n\n\n<div class=\"wp-block-stackable-icon stk-block-icon stk-block stk-3ab2f56\" data-block-id=\"3ab2f56\"><span class=\"stk--svg-wrapper\"><div class=\"stk--inner-svg\"><svg style=\"height:0;width:0\"><defs><linearGradient id=\"linear-gradient-3ab2f56\" x1=\"0\" x2=\"100%\" y1=\"0\" y2=\"0\"><stop offset=\"0%\" style=\"stop-opacity:1;stop-color:var(--linear-gradient-3-ab-2-f-56-color-1)\"><\/stop><stop offset=\"100%\" style=\"stop-opacity:1;stop-color:var(--linear-gradient-3-ab-2-f-56-color-2)\"><\/stop><\/linearGradient><\/defs><\/svg><svg data-prefix=\"fas\" data-icon=\"chevron-down\" class=\"svg-inline--fa fa-chevron-down fa-w-14\" xmlns=\"http:\/\/www.w3.org\/2000\/svg\" viewBox=\"0 0 448 512\" aria-hidden=\"true\" width=\"32\" height=\"32\"><path fill=\"currentColor\" d=\"M207.029 381.476L12.686 187.132c-9.373-9.373-9.373-24.569 0-33.941l22.667-22.667c9.357-9.357 24.522-9.375 33.901-.04L224 284.505l154.745-154.021c9.379-9.335 24.544-9.317 33.901.04l22.667 22.667c9.373 9.373 9.373 24.569 0 33.941L240.971 381.476c-9.373 9.372-24.569 9.372-33.942 0z\"><\/path><\/svg><\/div><\/span><\/div>\n<\/div><\/div>\n<\/div><\/div><\/summary>\n\n\n\n<div class=\"wp-block-stackable-column stk-block-column stk-column stk-block stk-6540cfb stk-block-accordion__content\" data-v=\"4\" data-block-id=\"6540cfb\"><style>.stk-6540cfb-container{padding-top:0px !important;padding-right:0px !important;padding-bottom:0px !important;padding-left:0px !important}<\/style><div class=\"stk-column-wrapper stk-block-column__content stk-container stk-6540cfb-container stk--no-background stk--no-padding\"><div class=\"stk-block-content stk-inner-blocks stk-6540cfb-inner-blocks\">\n<div class=\"wp-block-stackable-text stk-block-text stk-block stk-8a6c73b\" data-block-id=\"8a6c73b\"><p class=\"stk-block-text__text\">Description for this block. Use this space for describing your block. Any text will do. Description for this block. You can use this space for describing your block.<\/p><\/div>\n<\/div><\/div><\/div>\n<\/details>\n\n\n\n<details class=\"wp-block-stackable-accordion stk-block-accordion stk-inner-blocks stk-block-content stk--single-open stk-block stk-9e59c8c\" data-block-id=\"9e59c8c\"><style>.stk-9e59c8c{border-style:solid !important;border-color:#dfdad1 !important;border-top-width:0px !important;border-right-width:0px !important;border-bottom-width:1px !important;border-left-width:0px !important;padding-bottom:24px !important}<\/style>\n<summary class=\"wp-block-stackable-column stk-block-column stk-column stk-block stk-3b9b734 stk--container-small stk-block-accordion__heading\" data-v=\"4\" data-block-id=\"3b9b734\"><div class=\"stk-column-wrapper stk-block-column__content stk-container stk-3b9b734-container stk--no-background stk--no-padding\"><div class=\"stk-block-content stk-inner-blocks stk-3b9b734-inner-blocks\">\n<div class=\"wp-block-stackable-icon-label stk-block-icon-label stk-block stk-99f5554\" data-block-id=\"99f5554\"><div class=\"stk-row stk-inner-blocks stk-block-content\">\n<div class=\"wp-block-stackable-heading stk-block-heading stk-block-heading--v2 stk-block stk-53cd527\" id=\"como-puedo-programar-una-cita-para-los-servicios-de-orientacion-psicologica-o-nutricional\" data-block-id=\"53cd527\"><style>.stk-53cd527 .stk-block-heading__text{font-family:\"Lato\",Sans-serif !important}<\/style><h4 class=\"stk-block-heading__text\">\u00bfC\u00f3mo puedo programar una cita para los servicios de orientaci\u00f3n psicol\u00f3gica o nutricional?<\/h4><\/div>\n\n\n\n<div class=\"wp-block-stackable-icon stk-block-icon stk-block stk-e507371\" data-block-id=\"e507371\"><span class=\"stk--svg-wrapper\"><div class=\"stk--inner-svg\"><svg style=\"height:0;width:0\"><defs><linearGradient id=\"linear-gradient-e507371\" x1=\"0\" x2=\"100%\" y1=\"0\" y2=\"0\"><stop offset=\"0%\" style=\"stop-opacity:1;stop-color:var(--linear-gradient-e-507371-color-1)\"><\/stop><stop offset=\"100%\" style=\"stop-opacity:1;stop-color:var(--linear-gradient-e-507371-color-2)\"><\/stop><\/linearGradient><\/defs><\/svg><svg data-prefix=\"fas\" data-icon=\"chevron-down\" class=\"svg-inline--fa fa-chevron-down fa-w-14\" xmlns=\"http:\/\/www.w3.org\/2000\/svg\" viewBox=\"0 0 448 512\" aria-hidden=\"true\" width=\"32\" height=\"32\"><path fill=\"currentColor\" d=\"M207.029 381.476L12.686 187.132c-9.373-9.373-9.373-24.569 0-33.941l22.667-22.667c9.357-9.357 24.522-9.375 33.901-.04L224 284.505l154.745-154.021c9.379-9.335 24.544-9.317 33.901.04l22.667 22.667c9.373 9.373 9.373 24.569 0 33.941L240.971 381.476c-9.373 9.372-24.569 9.372-33.942 0z\"><\/path><\/svg><\/div><\/span><\/div>\n<\/div><\/div>\n<\/div><\/div><\/summary>\n\n\n\n<div class=\"wp-block-stackable-column stk-block-column stk-column stk-block stk-763e91c stk-block-accordion__content\" data-v=\"4\" data-block-id=\"763e91c\"><style>.stk-763e91c-container{padding-top:0px !important;padding-right:0px !important;padding-bottom:0px !important;padding-left:0px !important}<\/style><div class=\"stk-column-wrapper stk-block-column__content stk-container stk-763e91c-container stk--no-background stk--no-padding\"><div class=\"stk-block-content stk-inner-blocks stk-763e91c-inner-blocks\">\n<div class=\"wp-block-stackable-text stk-block-text stk-block stk-f8b6731\" data-block-id=\"f8b6731\"><p class=\"stk-block-text__text\">Description for this block. Use this space for describing your block. Any text will do. Description for this block. You can use this space for describing your block.<\/p><\/div>\n<\/div><\/div><\/div>\n<\/details>\n\n\n\n<details class=\"wp-block-stackable-accordion stk-block-accordion stk-inner-blocks stk-block-content stk--single-open stk-block stk-33ffc00\" data-block-id=\"33ffc00\"><style>.stk-33ffc00{border-style:solid !important;border-color:#dfdad1 !important;border-top-width:0px !important;border-right-width:0px !important;border-bottom-width:1px !important;border-left-width:0px !important;padding-bottom:24px !important}<\/style>\n<summary class=\"wp-block-stackable-column stk-block-column stk-column stk-block stk-656b725 stk--container-small stk-block-accordion__heading\" data-v=\"4\" data-block-id=\"656b725\"><div class=\"stk-column-wrapper stk-block-column__content stk-container stk-656b725-container stk--no-background stk--no-padding\"><div class=\"stk-block-content stk-inner-blocks stk-656b725-inner-blocks\">\n<div class=\"wp-block-stackable-icon-label stk-block-icon-label stk-block stk-2675e85\" data-block-id=\"2675e85\"><div class=\"stk-row stk-inner-blocks stk-block-content\">\n<div class=\"wp-block-stackable-heading stk-block-heading stk-block-heading--v2 stk-block stk-6c1eb72\" id=\"cuanto-duran-tipicamente-las-sesiones-de-orientacion-psicologica-y-nutricional\" data-block-id=\"6c1eb72\"><style>.stk-6c1eb72 .stk-block-heading__text{font-family:\"Lato\",Sans-serif !important}<\/style><h4 class=\"stk-block-heading__text\">\u00bfCu\u00e1nto duran t\u00edpicamente las sesiones de orientaci\u00f3n psicol\u00f3gica y nutricional?<\/h4><\/div>\n\n\n\n<div class=\"wp-block-stackable-icon stk-block-icon stk-block stk-e689253\" data-block-id=\"e689253\"><span class=\"stk--svg-wrapper\"><div class=\"stk--inner-svg\"><svg style=\"height:0;width:0\"><defs><linearGradient id=\"linear-gradient-e689253\" x1=\"0\" x2=\"100%\" y1=\"0\" y2=\"0\"><stop offset=\"0%\" style=\"stop-opacity:1;stop-color:var(--linear-gradient-e-689253-color-1)\"><\/stop><stop offset=\"100%\" style=\"stop-opacity:1;stop-color:var(--linear-gradient-e-689253-color-2)\"><\/stop><\/linearGradient><\/defs><\/svg><svg data-prefix=\"fas\" data-icon=\"chevron-down\" class=\"svg-inline--fa fa-chevron-down fa-w-14\" xmlns=\"http:\/\/www.w3.org\/2000\/svg\" viewBox=\"0 0 448 512\" aria-hidden=\"true\" width=\"32\" height=\"32\"><path fill=\"currentColor\" d=\"M207.029 381.476L12.686 187.132c-9.373-9.373-9.373-24.569 0-33.941l22.667-22.667c9.357-9.357 24.522-9.375 33.901-.04L224 284.505l154.745-154.021c9.379-9.335 24.544-9.317 33.901.04l22.667 22.667c9.373 9.373 9.373 24.569 0 33.941L240.971 381.476c-9.373 9.372-24.569 9.372-33.942 0z\"><\/path><\/svg><\/div><\/span><\/div>\n<\/div><\/div>\n<\/div><\/div><\/summary>\n\n\n\n<div class=\"wp-block-stackable-column stk-block-column stk-column stk-block stk-7612517 stk-block-accordion__content\" data-v=\"4\" data-block-id=\"7612517\"><style>.stk-7612517-container{padding-top:0px !important;padding-right:0px !important;padding-bottom:0px !important;padding-left:0px !important}<\/style><div class=\"stk-column-wrapper stk-block-column__content stk-container stk-7612517-container stk--no-background stk--no-padding\"><div class=\"stk-block-content stk-inner-blocks stk-7612517-inner-blocks\">\n<div class=\"wp-block-stackable-text stk-block-text stk-block stk-12a5d36\" data-block-id=\"12a5d36\"><p class=\"stk-block-text__text\">Description for this block. Use this space for describing your block. Any text will do. Description for this block. You can use this space for describing your block.<\/p><\/div>\n<\/div><\/div><\/div>\n<\/details>\n<\/div><\/div><\/div>\n<\/div><\/div>\n","protected":false},"excerpt":{"rendered":"<p>Nuestro consultorio integral es la opci\u00f3n para&#8230; Paquete 1$2,600 4 sesiones de terapia psicol\u00f3gica 1 sesi\u00f3n de orientaci\u00f3n nutrimental Men\u00fa personalizado Programa de entrenamiento personalizado Pagar y agendar cita Paquete 2$1,000 2 sesiones de terapia psicol\u00f3gica 1 sesi\u00f3n de orientaci\u00f3n nutrimental Men\u00fa personalizado Programa de entrenamiento personalizado Pagar y agendar citas Paquete 3$800 1 sesiones [&hellip;]<\/p>\n","protected":false},"author":1,"featured_media":0,"parent":0,"menu_order":0,"comment_status":"closed","ping_status":"closed","template":"","meta":{"om_disable_all_campaigns":false,"_monsterinsights_skip_tracking":false,"_monsterinsights_sitenote_active":false,"_monsterinsights_sitenote_note":"","_monsterinsights_sitenote_category":0,"footnotes":""},"blocksy_meta":[],"aioseo_notices":[],"_links":{"self":[{"href":"https:\/\/nutrimentalbg.com\/index.php\/wp-json\/wp\/v2\/pages\/761"}],"collection":[{"href":"https:\/\/nutrimentalbg.com\/index.php\/wp-json\/wp\/v2\/pages"}],"about":[{"href":"https:\/\/nutrimentalbg.com\/index.php\/wp-json\/wp\/v2\/types\/page"}],"author":[{"embeddable":true,"href":"https:\/\/nutrimentalbg.com\/index.php\/wp-json\/wp\/v2\/users\/1"}],"replies":[{"embeddable":true,"href":"https:\/\/nutrimentalbg.com\/index.php\/wp-json\/wp\/v2\/comments?post=761"}],"version-history":[{"count":3,"href":"https:\/\/nutrimentalbg.com\/index.php\/wp-json\/wp\/v2\/pages\/761\/revisions"}],"predecessor-version":[{"id":824,"href":"https:\/\/nutrimentalbg.com\/index.php\/wp-json\/wp\/v2\/pages\/761\/revisions\/824"}],"wp:attachment":[{"href":"https:\/\/nutrimentalbg.com\/index.php\/wp-json\/wp\/v2\/media?parent=761"}],"curies":[{"name":"wp","href":"https:\/\/api.w.org\/{rel}","templated":true}]}}